hat are the prime factors of j?
2, 3
Let k = 91 - 59. Let z = 148 - k. What are the prime factors of z?
2, 29
Let p(k) = k**3 + k**2 - 4*k. Let a be p(4). Suppose 2*t - a = 4*l, 2*l - 2*t + 0 = -28. Let x = 41 + l. What are the prime factors of x?
23
Let j(c) = 51*c + 583. List the prime factors of j(-11).
2, 11
Let l = 6 + -7. Let z be (l + 2)/(12/(-540)). Let q = 64 + z. List the prime factors of q.
19
Let o = 19 - 16. Let g(s) = 7*s + 5. Let h be g(o). Let w = -16 + h. List the prime factors of w.
2, 5
Let b(v) = 2*v**2 - 5*v - 3. Suppose 2*s - 6*s = -76. Suppose 3*q - s = 4*t, -2*t = -3*q + t + 18. What are the prime factors of b(q)?
2, 11
Suppose -2*g + 4*m + 232 = 2*g, -2*g - 5*m = -144. List the prime factors of g.
2, 31
Let m(d) = -5*d. Let w(r) = -26*r + 1. Let h(j) = 11*m(j) - 2*w(j). Let b be h(-2). Suppose 2*k = b*n - 42, -3*n + k - 19 = -6*n. List the prime factors of n.
2
Suppose 0*t - 5*t = v - 4576, 0 = -5*t - 2*v + 4572. What are the prime factors of t?
2, 229
Let z(q) = -q**3 + 8*q**2 + q - 11. Let y be z(8). Let k(f) = 122*f + 5. Let b be k(y). What are the prime factors of b/(-11) - (-2)/11?
3, 11
Let i(q) be the first derivative of -q**3 + 2*q**2 + 1/4*q**4 - 5 - q. List the prime factors of i(4).
31
Let b(g) = -3*g**3 - 4*g**2 - 2*g + 1. Suppose 6 = u + 4*d - 20, 5*u + d - 92 = 0. Let f be (-1)/(-3) - 42/u. List the prime factors of b(f).
13
Let x = 4176 - 2332. What are the prime factors of x?
2, 461
Let o be -3 + -173*(6 - 4). Let b = 513 + o. List the prime factors of b.
2, 41
Suppose 0 = -6*v + 12*v - 990. Suppose 33 = -2*o + v. What are the prime factors of o?
2, 3, 11
Suppose 0 = -n + 5*n - 12. Suppose 28 = -4*z + 4*s, -5*s - 2 = 3*z + n. List the prime factors of (-3 + 4 + -12)*z.
5, 11
Let m(t) = -27*t - 1. Let k(c) = -4*c + 2. Let u be k(1). List the prime factors of m(u).
53
Suppose 0 = -8*c + 20192 + 1184. List the prime factors of c.
2, 167
Let o = 117 - 76. Suppose -o*y + 270 = -35*y. What are the prime factors of y?
3, 5
Suppose -k + 665 = 3*t, k + 3*t - 663 = -2*t. List the prime factors of (k/(-6))/1*63/(-42).
167
What are the prime factors of 423 + 9*4/(-12)?
2, 3, 5, 7
Suppose -5 = -4*v + 11. Suppose 0 = 2*j - 2, v*s + 3*j - 16 = -1. Suppose 2*d + 8 = 0, u = 2*d + s*d + 50. List the prime factors of u.
2, 3, 5
Let i(x) = -4*x - 6. Let g be i(-7). Suppose -d + 21 + g = 0. List the prime factors of d.
43
Suppose -s + 0*s + 4 = 0. Suppose 0*f = -f + 5. Suppose 0 = -f*p - s + 29. What are the prime factors of p?
5
Let i = 18 + -20. List the prime factors of 2/(-1 - i)*(-2020)/(-40).
101
Let z be (-4 - -3) + -1 + (-3 - -7). Suppose 2*t = z*s + 2*s - 642, -4*t - 143 = -s. List the prime factors of s.
163
Let z be -2 + (-36)/(7 + -3). Let y = z + 18. Suppose 20 = y*w - 5*w. What are the prime factors of w?
2, 5
Let a = 13 + -1. Suppose -8*h + 3*h = f - 3, 5*h + 4*f - a = 0. Suppose -w - 11 = -3*r + 10, 2*r + 2*w - 6 = h. List the prime factors of r.
2, 3
Let i(p) = 1 - 9*p + 2 + 0. Let b(k) = -k**3 - 16*k**2 - 5*k + 146. Let x be b(-15). What are the prime factors of i(x)?
3, 13
Let k = 39 + -27. Suppose -10*i = -k*i + 154. List the prime factors of i.
7, 11
Suppose 5*u + 85 = 2*i, i + 10 = 3*i. Suppose 4*l = -24 + 8. Let n = l - u. What are the prime factors of n?
11
Suppose -2*h - 4*a = -1773 - 699, 4*h - a - 4944 = 0. What are the prime factors of h?
2, 3, 103
Let c be 2/(-2 - 24/(-10)). Suppose 5*u - 4*s - 371 = -31, -3*u = -c*s - 217. List the prime factors of u.
2
Let o(k) = 12*k**2 - 7*k - 14. Let f be o(-6). Suppose 12 = -5*v + 8*v, 0 = 4*h - 2*v - f. List the prime factors of h.
3, 13
Let z(c) = -260*c + 10. List the prime factors of z(-1).
2, 3, 5
Let b = 8 - -12. Let j = 147 - b. List the prime factors of j.
127
Let p(o) = -o**3 - 15*o**2 - 14*o + 8. Let r be (-6)/21 - 288/21. Let k be p(r). Suppose -y + 7 + k = 0. List the prime factors of y.
3, 5
Suppose 0 = 2*u - 47 + 1. Suppose -116 - u = -f. What are the prime factors of f?
139
Suppose -4*j + 24 = 2*v, 3*v - 3*j - 8 = -2*j. Suppose -2*a + 13 = -3*a - 3*p, v*a - 3*p = -22. Let t = a + 23. What are the prime factors of t?
2
Suppose -115*u - 1063 = -116*u. What are the prime factors of u?
1063
Let d be 3/(-2)*1420/(-15). Suppose -l - 91 = 2*y, -3*y - 2*l = -6*l + d. What are the prime factors of 4*4/((-16)/y)?
2, 23
Let h = 8 - 3. Suppose -3*o + h*k + 155 = -o, -3*o - k = -190. What are the prime factors of o?
5, 13
Suppose -80 = -2*a - 0*a. Suppose 0*r = r - u - 22, 5*r = -2*u + 117. Let d = a - r. List the prime factors of d.
17
Let v(p) = -p + 9. Let u(j) = 2*j - 18. Let t(h) = -3*u(h) - 7*v(h). Let y be t(8). List the prime factors of 2 + y - -12 - 0.
13
Let h(f) = f**2 - 3*f + 5. Let v be h(2). Suppose 2*g - 150 = 4*j - 0*j, 0 = -5*g + v*j + 340. List the prime factors of g.
5, 13
Let k = -64 - -63. What are the prime factors of k + 114 + (-16)/(-4)?
3, 13
Let h(f) be the third derivative of -f**6/144 + f**4/6 - 8*f**2. Let i(y) be the second derivative of h(y). List the prime factors of i(-11).
5, 11
Let p(d) = -d**2 + 20*d + 12. Let v be (-3)/(-2 - -1)*656/123. What are the prime factors of p(v)?
2, 19
Suppose -2*s = 4*t - 1902, -589 - 368 = -s + t. List the prime factors of s.
5, 191
Let f = -1097 + 2299. List the prime factors of f.
2, 601
Suppose 15*g - 10*g = 30. Suppose 4*z - g*z = -4*o + 20, -5*z = -2*o + 26. List the prime factors of o.
3
What are the prime factors of 1436618/424 - 10/8?
3, 1129
Suppose -m = -3*m + 6. Suppose 4*h + 5*r = 392, -2*h + m*r + r = -222. Let t = h + -67. What are the prime factors of t?
2, 3
Let g = 41 + -85. Let s = g + 24. What are the prime factors of (1 - 31)*s/12?
2, 5
What are the prime factors of (21/18)/(16/62304)?
7, 11, 59
Suppose 0 = -p - 10 + 106. Suppose 26 = 2*q - p. List the prime factors of q.
61
Suppose y = -2*u + 7, -18 = -5*y - 5*u + 12. Suppose 10*s - 30 = y*s. Suppose a = -5*o + 30, 3*o + 16 + s = a. List the prime factors of a.
5
Let g be (-105)/6*(2*-6)/3. Suppose 4*l - 226 = -g. List the prime factors of l.
3, 13
Let t be (-2)/(-3) - 20/(-6). Let y = 51 - 48. Suppose 3*c - 5*m = 68, y*c - t*c = 5*m + 4. What are the prime factors of c?
2
Let k be ((-1)/5)/((-8)/3720*3). List the prime factors of (15 - k)/(2/(-5)).
2, 5
Suppose -1 + 10 = 3*h. Suppose 4*a + m = -m - 116, 4*a - h*m + 106 = 0. Let v = -20 - a. List the prime factors of v.
2
Let k(d) = -3*d**3 + 7*d**2 + 9*d - 13. List the prime factors of k(-4).
3, 5, 17
Let y = 34 - 31. Suppose 4*k = -2*x + 56, -2*k + y*x - x + 28 = 0. What are the prime factors of k?
2, 7
Suppose 0 = 4*n + 7 + 5, -3*b + 5*n = -4917. What are the prime factors of b?
2, 19, 43
Let j be (-36)/(-2)*(3 + (-52)/(-8)). Suppose j = 3*h - 0. What are the prime factors of h?
3, 19
Let v be 12*(0 - (-65)/(-3)). Let u = v + 373. What are the prime factors of u?
113
Let n(c) = c**2 + c + 24. What are the prime factors of n(-8)?
2, 5
Let w(g) = 12*g**2 + 2*g + 7. List the prime factors of w(-6).
7, 61
Let d be 24337/(-6) - (52/(-24) + 2). List the prime factors of ((-4)/(-7))/(-2) - d/84.
2, 3
Let k be (-157)/3 + 2 + (-20)/12. Let j = k - -365. List the prime factors of j.
313
Let w(d) = -7*d**3 + 3*d + 2. Suppose 0 = 10*q + 41 - 11. What are the prime factors of w(q)?
2, 7, 13
Let i(u) = 29*u**2 + 60*u - 399. What are the prime factors of i(6)?
3, 5, 67
Let b(h) = h**3 + 7*h**2 + 7*h + 18. Let l be b(-5). Suppose -j = -98 + l. List the prime factors of j.
5, 13
Suppose 2*i + 0*l - 4*l = 8056, -12075 = -3*i + 3*l. List the prime factors of i.
2, 2011
Let c = -1423 - -2884. What are the prime factors of c?
3, 487
Let m = -18 + 27. Suppose -4*t + m*t - 5*g = 25, 4 = 2*g. List the prime factors of t.
7
Suppose 0 = -4*i - 0*i + 5*p - 65, -2*i - p - 29 = 0. Let z be 8/6*i/(-10). Suppose 5*r - 2 = 4*m - 124, z*m + 5*r - 76 = 0. What are the prime factors of m?
3, 11
Suppose 0*c - 4*c = -48. Suppose -a + 6 = -o, -2*o - c = 6*a - 2*a. List the prime factors of (o/9)/((-6)/153).
17
List the prime factors of (0 + 5/(-4))/((-8)/2624).
2, 5, 41
Suppose -5*p - 4*g + 8 = 0, -4 = -p - p - 2*g. Suppose p = -w - 2*n + 43, -4*n = -4*w - n + 150. Let h = 82 - w. What are the prime factors of h?
43
Let o(w) = w**3 + 5*w**2 + 4*w + 1. Let l be o(-3). Suppose -i - 8 = l. List the pr